 - l - 3 + 1, 5*l + r = 2*u. What is the units digit of (2/u)/((-2)/(-90))?
5
Let v(r) = -134*r - 3. Suppose 12*q - 3*q = -9. What is the units digit of v(q)?
1
Let p = 746 + -314. What is the tens digit of p?
3
Let p be (3 - -1) + -5 + 7. Suppose p*w - 2*w - 104 = 0. Let g = w - 7. What is the tens digit of g?
1
Let w(s) = -5*s + 10. Let x be w(2). Let y(j) = -2*j + 80. What is the tens digit of y(x)?
8
Suppose 6*l = 7*l + 5*w - 775, -1620 = -2*l + 4*w. What is the units digit of l?
0
Let h = 12 + -12. Suppose h = 4*d - 0*d - 452. Suppose -2*b = 31 - d. What is the units digit of b?
1
Let q be (40/(-12))/(2/3). What is the units digit of ((-6)/q)/((-33)/(-220))?
8
Let h(f) be the second derivative of f**5/20 + 5*f**4/12 - f**3/3 + f**2/2 + 6*f. Let t be h(-5). Let o = -3 + t. What is the units digit of o?
8
Let t = -18 + 22. Suppose -5*c + 8 = t*j - 15, j - 22 = 2*c. What is the units digit of j?
2
Let p = -263 - -802. What is the units digit of p?
9
Let d(q) = -4*q - 73. Let g be d(-21). Suppose 4*s + 0*s = 5*u + 30, -4*u + 5*s - 15 = 0. Let b = g + u. What is the units digit of b?
1
Let x(t) = -t**3 + t**2 + 3*t - 1. Let g be x(-2). Suppose -g*w = -9*w + 80. Let j = w - -3. What is the units digit of j?
3
Suppose 17 = 3*f - 13. What is the tens digit of f/35 - (-2073)/21?
9
Suppose 3*z + 7101 = -t, 0*t = -3*z - 4*t - 7101. What is the hundreds digit of 2/4 - z/18?
1
Suppose 641 = 3*v + w - 437, -3*v + 1062 = -3*w. Suppose -d - 88 = -v. What is the units digit of d?
0
Let l = -10 + 8. Let u be 3*(2 + l/2). Suppose -u*q + 9 = 3. What is the units digit of q?
2
Suppose 0 = -2*i + 2*q + 524, -5*i + 801 = -4*q - 506. Let o = i - 184. Suppose 3*p - 111 - o = 0. What is the tens digit of p?
6
Suppose -61 = 2*j - 4*j - 3*l, l - 81 = -3*j. Suppose t = -0*k + 4*k - 57, j = 2*k + 2*t. Let d = k - 9. What is the units digit of d?
5
Suppose 4*k + l - 23 = 0, 4*k - 4*l = 2*k - 2. Let y = k - 2. Suppose 0*u + 5*u - 2*a - 70 = 0, -4*a + 68 = y*u. What is the units digit of u?
6
Let p(q) = -4*q + 14. Let y(z) = -9*z + 29. Let k(g) = -5*p(g) + 2*y(g). Let b be k(8). Let f = b - -2. What is the units digit of f?
6
What is the units digit of ((-2)/6)/((-37)/10545)?
5
Let f be (7 + -8)*(1 + 0). Let l(u) be the third derivative of -u**6/20 + u**5/60 + u**4/24 + u**3/6 + u**2. What is the units digit of l(f)?
7
Suppose 3*j + 15 + 0 = 0, 447 = o - 3*j. What is the units digit of o?
2
What is the units digit of -12*15/(-4)*1?
5
Suppose 5*a = -x + 2205, -x + 1763 = -26*a + 30*a. What is the hundreds digit of a?
4
Let q(a) = 4*a - 1. Let z be q(2). Suppose -z - 8 = -5*b. What is the units digit of (5/(-5))/(b/(-21))?
7
Let y = 6342 - 4166. What is the thousands digit of y?
2
Let u(a) = -a + 1. Let q be u(-1). Let i(b) = -2*b**3 - 11*b**2 - 8*b - 9. Let p be i(-5). Suppose -p*k + 96 = -q*k. What is the units digit of k?
4
Suppose 0 = -4*r + i + 834, 0 = 13*r - 9*r - 3*i - 830. What is the units digit of r?
9
Suppose -4*w - 2768 = -5*h + 3330, 3*h - 3*w - 3660 = 0. What is the thousands digit of h?
1
Let g(b) be the first derivative of -b**4/4 + 2*b**3/3 + 11*b**2 + 11*b - 15. What is the tens digit of g(-6)?
6
Let x be ((-15)/(-21) + -1)*-217. Suppose -258 = -7*j - x. What is the tens digit of j?
2
Let x(c) = 9*c - 13. Let f be x(14). Let r = -66 + f. What is the units digit of r?
7
Let m = -2525 - -6736. What is the hundreds digit of m?
2
Suppose 29*q - 28367 = 10*q. What is the hundreds digit of q?
4
Let f = -1741 - -3721. Suppose -n - 19*n = -f. What is the units digit of n?
9
Let b = -50 - -169. What is the tens digit of b?
1
Suppose 0 = 2*s - 40 + 16. Suppose -57 = -h + s. What is the units digit of h?
9
Let x be (-1)/(-5) - 1/5. Let p be (107/(-4))/(3/(-12)). Suppose 2*z = -2*w + z + p, x = 3*w + 5*z - 164. What is the tens digit of w?
5
Let g = 100 + 1279. What is the tens digit of g?
7
Let m = 6386 + -2484. What is the hundreds digit of m?
9
Let d(g) = 7*g - 3. Let a(q) = 2*q**3 - 20*q**2 - q + 12. Let h be a(10). What is the units digit of d(h)?
1
Let y(l) = -l - 2. Let z be y(-5). Let i be (z/(-2))/((-12)/320). Suppose t - 2*t + 8 = 3*w, -w = -5*t + i. What is the units digit of t?
8
Suppose j - h = 299, -10*j + 4*h = -14*j + 1212. What is the units digit of j?
1
Let d(a) = 3*a + 2. Let c be d(4). Suppose -5 = -3*w - c. What is the tens digit of (-23)/(-3)*(-9)/w?
2
Suppose 2*g = -39 + 111. Suppose -p = 3, 15 = 2*k - 5*k - 3*p. Let a = k + g. What is the tens digit of a?
3
Let w be (-1)/((0 - -3)/(-24)). What is the tens digit of (26/4)/(w/64)?
5
Suppose 2*v + 2*g = 0, 5*v - g = 12 - 0. Suppose 5*t = -3*u + 365, -v*t + u - 2*u = -147. What is the units digit of t?
6
Suppose -7*k - 468 = 5*k. Suppose 3*v - 112 = v. Let d = k + v. What is the units digit of d?
7
Suppose -p + h - 1950 = -6*p, -3*h - 406 = -p. What is the tens digit of p?
9
What is the hundreds digit of 21/((-126)/12)*-2201?
4
Let c(q) = 358*q**3 + 16*q**2 + 6*q - 3. What is the hundreds digit of c(2)?
9
Let j be (10 - 14)*(-39)/(-4). Let f = 60 + j. What is the tens digit of f?
2
Suppose -2*u + 5*k = 10, u - 3*u + 30 = 5*k. Suppose 0 = -u*f + 20, 2*q - 4*f + 382 = 4*q. What is the units digit of q?
3
Suppose -7*q = -5 - 9. Suppose 127 = q*h + 39. What is the tens digit of h?
4
Suppose -5*w - f = -2320, -2*w + 4*f = -335 - 571. What is the tens digit of w?
6
Let w(y) = -61*y + 12. Let a(l) = -31*l + 6. Let c(i) = 5*a(i) - 3*w(i). What is the units digit of c(3)?
8
Let k = -31 + 82. Let q(c) = -c + 11. Let m be q(6). Let r = k + m. What is the units digit of r?
6
Suppose -11*a - 7*a + 828 = 0. What is the units digit of a?
6
Let g(x) = -x**3 + 12*x**2 - 20*x + 2. Let h be g(10). Suppose -5*o + t + 391 = -h*t, -5*t + 95 = o. What is the units digit of o?
0
What is the units digit of (-4)/(-3) + (-2158)/(-6)?
1
Let p(i) = i**2 + 12*i + 2. Let a(n) = 6*n**3 + 2*n + 1. Let b be a(-1). Let o(d) = d - 6. Let w be o(b). What is the tens digit of p(w)?
1
Suppose -g + 4*z = 2, 2*g - g + 2 = 2*z. Let u(s) = -1 - 2*s**3 - 2*s + 2 + s**2 + 0. What is the tens digit of u(g)?
2
Let n(l) = -l + 7. Let y be n(6). Let f(h) = y - 3*h - 1 - h**2 - 7*h. What is the units digit of f(-9)?
9
What is the hundreds digit of (-3)/((-27)/4) - 48675/(-135)?
3
Let k be 1 + 0 + -3 + 2. Suppose -8*l - 5*z = -7*l - 56, -2*z + 10 = 0. Suppose k = -3*u + l + 17. What is the units digit of u?
6
What is the hundreds digit of (-4)/(5/1720*-4) - -4?
3
Suppose 49 = 4*h - 59. Let r be (-10)/(-40) + h/4. What is the tens digit of 2/r - (-194)/7?
2
Let a = -7746 + 10895. What is the thousands digit of a?
3
Suppose -u - 1664 = -5*u. Suppose 5*h + 56 = u. What is the tens digit of (150/(-8))/((-27)/h)?
5
Suppose -519 = -c - 2*f, -5*c + 2595 = 10*f - 6*f. What is the hundreds digit of c?
5
Let o(l) = l + 8. Let a be o(-5). Suppose 4*d = -4*u + d + 165, -3*d - 150 = -a*u. What is the tens digit of u?
4
Let s(f) = 14*f**2 - 2*f + 50. What is the hundreds digit of s(8)?
9
Suppose -22*y = -23*y + 96. Suppose -6*i = -y - 246. What is the tens digit of i?
5
Let l(d) = 47*d - 2. Let v(f) = -8 + 6*f + 0*f + f + f + f**2. Let u be v(-9). What is the tens digit of l(u)?
4
Let o = -30 + 12. Let k be (12/(-5))/(o/(-60)). Let g = k - -21. What is the tens digit of g?
1
Suppose 16*n + 14639 - 49695 = 0. What is the thousands digit of n?
2
Let y(l) = -27*l**3 - 3*l**2 + 2*l + 18. What is the hundreds digit of y(-4)?
6
Let d(m) = 108*m - 8. Let p be d(6). Suppose 5*b - l = 974, -l + 132 + p = 4*b. What is the hundreds digit of b?
1
Let c(m) be the third derivative of -1/24*m**4 + 0 + 4*m**2 + 0*m + 7/20*m**5 + 1/6*m**3. What is the units digit of c(-1)?
3
Let h = -100 + 155. What is the units digit of h?
5
Let j = 2045 - -1691. What is the units digit of j?
6
Suppose -9*r = -6*r + 21. Let i(c) = -4*c - 16. What is the tens digit of i(r)?
1
Let y be (-6)/27 - 43/9. Let v be 120/(-25) + 1/y. Let x = -4 - v. What is the units digit of x?
1
Suppose 4*c - 9138 = 4302. What is the hundreds digit of c?
3
Suppose -18 = -4*s + 2. Suppose -o = -4*i + 279, -2*i + 6*i - 285 = -s*o. What is the tens digit of i?
7
Let r(f) = 2*f**2 - 46*f - 28. What is the units digit of r(30)?
2
Suppose -16 = -b - 7. Let u(j) = -j - 10. Let g be u(-11). What is the units digit of b